-4)/(-2))/(2/1). What is the units digit of 24/6 - (b - n)?
7
Suppose 3*r + 2*s = 3431, 0 = 3*r + 22*s - 23*s - 3419. What is the thousands digit of r?
1
Suppose -2*p - 6*q = -4*q + 16, 0 = p + 2*q + 13. What is the tens digit of p/((-2)/(-90)*-3)?
4
Suppose -3*n + 32 = -25. Let p = n - -23. What is the units digit of p?
2
Let o(x) = -1. Let h(y) = 6*y**2 - 2*y - 7. Let k(n) = h(n) - 6*o(n). Let r = 11 + -13. What is the units digit of k(r)?
7
What is the units digit of 2164*(4 - (-120)/(-32))?
1
Let f be -7 + (3 - 3 - 1). Let a = f - -180. Suppose 4*u + 64 = a. What is the units digit of u?
7
Let y(i) = -5*i**2 - 10*i + 12. Let l(j) = -j**2. Let k(s) = -6*l(s) + y(s). What is the units digit of k(9)?
3
Suppose -21 - 1 = 2*w - 5*h, 0 = -4*h - 8. Suppose o = 34 + 5. Let i = w + o. What is the tens digit of i?
2
Let z(o) = -o**3 - 22*o**2 + 40*o - 59. What is the units digit of z(-24)?
3
Suppose 0 = -f - t + 51, 0 = 5*f - 0*t - 5*t - 265. Suppose 2*g + 3*z - f = 0, g - 4*z - 48 + 11 = 0. What is the tens digit of g?
2
Suppose 32*b - 15655 - 5625 = 0. What is the hundreds digit of b?
6
Let g be (4*(-2)/(-10))/((-7)/(-70)). What is the hundreds digit of 29*g - ((2 - 2) + -3)?
2
Let y = -5 - -9. Suppose y*p - 24 - 32 = 0. What is the units digit of p?
4
Let j(d) = -d**2 + d + 1. Let x = 18 + -15. Let z(v) = -v**2 + 2*v + 1. Let w(g) = x*z(g) - 2*j(g). What is the units digit of w(3)?
4
Suppose -t - 540 = -7*t. What is the tens digit of t?
9
Let h(n) = 2*n + 27. Let m be h(-11). What is the units digit of 18/m + 14/35?
4
Let w(k) = 7*k**3 - k**2 - 45*k + 5. What is the tens digit of w(6)?
1
Let x be 4/2*8/2. Let p be (1 - -1)*(-28)/x. What is the tens digit of (p/((-21)/(-78)))/(-2)?
1
Let p be (-8)/6*(-15)/10. Let q = 10 - p. Suppose 0 = 4*k - q, -5*y + 88 = 2*k - 136. What is the units digit of y?
4
Let t(i) = -3*i**3 - 9*i**2 + 19*i + 77. What is the hundreds digit of t(-9)?
3
What is the units digit of -126 + 334 - (-7 - -1)?
4
Let n(j) = -j**3 - 8*j**2 - 16*j - 9. Let u be n(-6). Suppose 0 = -5*t + u, 5*t + 680 = 5*d - 160. What is the tens digit of d?
7
Let z(a) = 6*a + 10. Let v be z(21). Let t = 228 - v. What is the tens digit of t?
9
Suppose 5*h + 3*x = 20, -5*x + 3 = 2*h - 5. Suppose 3*v + 2 = -p + 6, 0 = h*v. Suppose -i + 44 = -3*n, -180 = -3*i + p*n - 7*n. What is the units digit of i?
6
Suppose 6886 = 13*r - 3137. What is the units digit of r?
1
Suppose 4 = -2*f - 0*f, -164 = -5*j - 3*f. Suppose -98 = -2*a - j. What is the units digit of a?
2
Let y be (435/(-30))/(2/4). Let v = y + 104. What is the tens digit of v?
7
Let g be 13/2*-2 - -2. Let r = 39 + -4. Let t = g + r. What is the units digit of t?
4
Let v(d) = 10*d**2 - 21*d + 33. What is the tens digit of v(7)?
7
Let u = -8 + 14. Let t = -7 + u. What is the units digit of 106/4 - t/2?
7
Suppose -29 - 30 = -2*h + 3*r, -5*r = -5. Let t = 101 - h. What is the tens digit of t?
7
What is the hundreds digit of (1 - 1 - 13)*-10?
1
Let d = 2693 - 1470. What is the units digit of d?
3
Let q(o) = o**3 + 2*o**2 - 5*o - 2. Let v be q(-3). Suppose v*l = l. Suppose -4*j + l*t = -3*t - 88, -2*j = 4*t - 66. What is the tens digit of j?
2
Suppose x + 5*z = 3*z + 206, -3*z = x - 207. Let t = 445 - x. What is the units digit of t?
1
Suppose -2*y + 7*n - 4*n = -7466, -2*n = y - 3747. Suppose 0 = 11*z + 527 - y. What is the hundreds digit of z?
2
What is the tens digit of ((-704)/48)/(2/(-54))?
9
Let x = -3425 - -5006. What is the hundreds digit of x?
5
Let a = -180 + 692. What is the tens digit of a?
1
Let s(d) = -1 + 8 - 6*d**2 - d**3 + 7*d**2 - 6*d**2. Let b be s(-6). Suppose 5*u - l - 207 = -2*l, -u = l - b. What is the units digit of u?
1
Suppose 2*u - 124 = 4*a, -u = -3*a - 41 - 54. Let y = -30 - a. Suppose -y*z - 44 = -v - 4*z, 3*v = 2*z + 142. What is the tens digit of v?
4
What is the hundreds digit of (-13594)/(-35) - 4*(-3)/(-30)?
3
Let n(m) be the third derivative of m**6/24 - m**5/60 - m**4/6 + m**3/2 - 5*m**2. What is the tens digit of n(2)?
3
Let f(d) = -2*d**2 + 167*d - 72. What is the tens digit of f(64)?
2
Let c(z) = 2328*z - 15. What is the hundreds digit of c(1)?
3
Let t(q) = 18*q**2 + 7*q + 16. What is the tens digit of t(-5)?
3
Let c(w) = 10*w**2 + 6*w - 3. Let u be c(3). Let o = -13 + u. What is the tens digit of o?
9
Let q = 9 - 6. Let o(d) = -7*d + d**3 - 4*d + 2*d**2 - q + 8*d. What is the units digit of o(-2)?
3
Let k = 38 - -50. What is the tens digit of k?
8
Let y = 101 + -97. What is the units digit of (y - -1)*-183*(-3)/9?
5
Suppose 9*j = 4*j - 15, -3*u = 2*j + 87. Let p = 27 - u. Suppose 2*y + 0*y = p. What is the tens digit of y?
2
Let a(g) = -2*g + 4. Let r be a(3). Suppose -4*q + q + 22 = 5*f, f = 2*q - 19. Let i = r + q. What is the units digit of i?
7
Let c = -5 - -9. Let j be 1/c + (-46)/(-8). Let y(m) = 2*m + 13. What is the units digit of y(j)?
5
Let f(u) = -39*u - 5. Suppose -15*g + 20*g = -10. What is the units digit of f(g)?
3
Let f(i) = -15*i + 11 + 3*i - 2*i - 6*i. What is the hundreds digit of f(-9)?
1
Suppose -313 = 440*f - 441*f. What is the tens digit of f?
1
Let h(d) = d**3 + 8*d**2 + 7*d + 3. Let s be h(-7). Suppose 104 = s*w - n, w = 3*n + 44 + 4. Let r = -24 + w. What is the units digit of r?
9
Suppose 4*w = -5*v + 41, 0 = v - 2 - 3. Suppose 2*o = 3*g + 159, o + 328 = 5*o - w*g. What is the tens digit of o?
8
Let a(h) = -h**2 + 43 - 20 - 16*h - 18 - 18. What is the tens digit of a(-6)?
4
Let s(j) = -8*j**2 + 11*j. Let w(k) = 7*k**2 - 11*k + 1. Let m(x) = 6*s(x) + 7*w(x). What is the units digit of m(11)?
7
What is the hundreds digit of 2/((20/44115)/((-2)/(-3)))?
9
Suppose 0 = 13*l - 120 + 68. What is the units digit of l?
4
Suppose 0 = -13*r + 2598 + 249. What is the tens digit of r?
1
Let z(i) = 42*i + 2. Let d be z(-3). Let j = -205 - d. Let s = 115 + j. What is the units digit of s?
4
Let i(z) = z**3 + 14*z**2 + 10*z + 1. Let p(h) be the first derivative of h**3/3 + h**2/2 + h + 5. Let m(o) = i(o) - 3*p(o). What is the units digit of m(-10)?
8
Suppose x + 6*s + 19 = s, x - 1 = 5*s. Let n be -2 + (-2 - x) + -3. What is the tens digit of 2/6*174/n?
2
What is the hundreds digit of (-15)/(-3) + (109 - 2 - -4)?
1
Let y be 14/8 + 4/16. Let k(p) = 2*p + 8*p**2 + p**3 - 10 + 5 + 0*p**3 + y*p. What is the units digit of k(-7)?
6
Suppose -5*x + 6*x + 39 = -2*m, 0 = -2*m + 4*x - 24. Let i be (4 + -1)*(-1 - m). Suppose 0 = -5*u + i + 39. What is the units digit of u?
8
Let y = 16 - 78. Let w = y + 123. What is the tens digit of w?
6
Let g = 1039 - -73. What is the hundreds digit of g?
1
Let y(c) = 12*c**3 + 9*c**2 - 11*c - 11*c**3 + 3 - 13. What is the units digit of y(-9)?
9
Let o be 8/4 + 0 + 1. Suppose 0 = o*i, -5*p + 0*i = i + 30. What is the units digit of (p + 0)*8/(-24)?
2
Suppose -4*k + 8*x = 6*x - 4978, 6218 = 5*k + 2*x. What is the thousands digit of k?
1
Suppose v - 693 = -3*x, -3*v - 440 = -5*x + 701. Suppose -z = -6*z + x. What is the tens digit of z?
4
Suppose 4*t = 4*p + 10136, -5*p + 7562 = -3*t + 6*t. What is the tens digit of t?
2
Suppose 4*n + 15 = 3*w, 3*w - 11 - 4 = -4*n. Let k be 2/4*46*11. Suppose -i - r = -29, -5*r = -w*i - 58 + k. What is the units digit of i?
4
Let m(s) = s**3 - s + 2. Let q be m(0). Suppose -q*g + 21 = -h, -2*h = -h + 5. What is the units digit of g?
8
Let j = 25 - 20. Let h = -55 - -77. What is the units digit of -4 + j + h + -1?
2
Let z be -1*18/3*(-16)/12. Suppose z*v = 411 + 237. What is the units digit of v?
1
Let y(v) = -v**3 + 19*v**2 + 30*v - 18. Let r be y(20). Let d = -81 + r. What is the tens digit of d?
0
What is the hundreds digit of -6*((-41)/(-6) - -2)*-8?
4
Let y be (1 - -20) + (1 - 3). Let a = 34 - y. What is the units digit of a?
5
Let x = -71 + 46. Let q = 127 + x. What is the tens digit of q?
0
Suppose 4*p + 2*i = 16, -3*p + 13 = -i + 1. Suppose -p*c - 105 = -369. What is the units digit of c?
6
Suppose -2*r + 5*q = -805, -q - 1238 = -3*r - 63. What is the units digit of r?
0
Let b(l) = l**3 + 8*l**2 - 4*l - 33. Let n be b(-8). What is the units digit of 855/3 + (n - -4)?
8
Let k be ((-4)/8)/(3/(-30)). Suppose k*i - 1 = -6, -5*a + 4*i = -159. What is the units digit of a?
1
Let y be (-1 + 0)/((-5)/10). Suppose -180 = -5*f + y*f. Suppose -f = -4*c + 28. What is the units digit of c?
2
Suppose